t the prime factors of 144375053.
19, 7598687
List the prime factors of 472061507.
29, 947, 17189
What are the prime factors of 171487819?
47, 607, 6011
List the prime factors of 62348680.
2, 5, 1558717
List the prime factors of 6721380830.
2, 5, 73, 79, 116549
List the prime factors of 140310145.
5, 3643, 7703
List the prime factors of 741299930.
2, 5, 7, 1512857
What are the prime factors of 421486911?
3, 337, 138967
List the prime factors of 34636851.
3, 3848539
List the prime factors of 718206531.
3, 7, 17, 953, 2111
What are the prime factors of 35063006?
2, 11, 1593773
List the prime factors of 432177031.
11, 13, 24977
What are the prime factors of 4116508337?
6619, 621923
What are the prime factors of 355039671?
3, 7, 1543, 10957
What are the prime factors of 207195141?
3, 83, 832109
What are the prime factors of 47945903?
29, 43, 38449
List the prime factors of 53136961.
29, 1832309
What are the prime factors of 1023600120?
2, 3, 5, 8530001
List the prime factors of 781039639.
781039639
What are the prime factors of 1373057081?
11, 124823371
List the prime factors of 2516676204.
2, 3, 7, 1543, 19417
List the prime factors of 65312026.
2, 13, 2512001
List the prime factors of 398683802.
2, 11, 19, 953789
What are the prime factors of 3511359167?
3511359167
List the prime factors of 1532392502.
2, 2417, 317003
List the prime factors of 85486781.
739, 115679
What are the prime factors of 624872206?
2, 7, 37, 172331
What are the prime factors of 238836372?
2, 3, 2767, 7193
What are the prime factors of 118330817?
11, 29, 347, 1069
List the prime factors of 135991460.
2, 5, 11, 59, 10477
What are the prime factors of 455448341?
455448341
What are the prime factors of 117268313?
4973, 23581
What are the prime factors of 2335863827?
11, 212351257
What are the prime factors of 23010738?
2, 3, 3835123
List the prime factors of 1567384339.
1567384339
List the prime factors of 31544438.
2, 2917, 5407
What are the prime factors of 2087256871?
7, 449, 13553
List the prime factors of 33605438.
2, 23, 730553
What are the prime factors of 9068011?
41, 221171
What are the prime factors of 300454241?
1301, 230941
List the prime factors of 1430844511.
1430844511
List the prime factors of 66939196.
2, 241, 69439
What are the prime factors of 29277827?
23, 499, 2551
List the prime factors of 293158779.
3, 97719593
What are the prime factors of 58759902?
2, 3, 1601, 2039
List the prime factors of 176647909.
176647909
List the prime factors of 267616024.
2, 13, 2573231
List the prime factors of 2263365468.
2, 3, 7, 13, 229, 431
List the prime factors of 424254098.
2, 212127049
List the prime factors of 1709178339.
3, 11, 89, 581947
List the prime factors of 128694896.
2, 11, 17, 43013
What are the prime factors of 178812301?
53, 107, 31531
What are the prime factors of 433575352?
2, 7, 7742417
What are the prime factors of 94929500?
2, 5, 189859
What are the prime factors of 249254301?
3, 47, 419, 4219
What are the prime factors of 312584871?
3, 104194957
What are the prime factors of 342337095?
3, 5, 7607491
List the prime factors of 742618803.
3, 17, 14561153
List the prime factors of 113431133.
41, 1291, 2143
List the prime factors of 8110135.
5, 11, 147457
List the prime factors of 75634451.
31, 1373, 1777
What are the prime factors of 2371571466?
2, 3, 11, 263, 317, 431
List the prime factors of 2641269181.
37573, 70297
What are the prime factors of 2479497981?
3, 826499327
What are the prime factors of 762973138?
2, 1597, 238877
What are the prime factors of 417739935?
3, 5, 27849329
List the prime factors of 20694694.
2, 10347347
What are the prime factors of 2331173859?
3, 7, 19, 41, 142501
What are the prime factors of 340075292?
2, 59, 787, 1831
List the prime factors of 173448194.
2, 521, 166457
List the prime factors of 106454774.
2, 1613, 32999
What are the prime factors of 3223679720?
2, 5, 499, 161507
What are the prime factors of 1046244792?
2, 3, 23, 31, 61141
List the prime factors of 68436266.
2, 61, 167, 3359
What are the prime factors of 13013733?
3, 4337911
List the prime factors of 260207183.
260207183
List the prime factors of 890238549.
3, 29, 97, 105491
List the prime factors of 49616331.
3, 137, 120721
List the prime factors of 163869211.
11, 1354291
List the prime factors of 1308971295.
3, 5, 67, 137, 3169
What are the prime factors of 719652024?
2, 3, 7, 13, 17, 71
List the prime factors of 31102221.
3, 19, 79, 6907
List the prime factors of 402177832.
2, 7, 7181747
List the prime factors of 665740125.
3, 5, 151, 3919
What are the prime factors of 3604664244?
2, 3, 14717, 20411
What are the prime factors of 6268921834?
2, 7, 447780131
List the prime factors of 5297002.
2, 2648501
What are the prime factors of 102622050?
2, 3, 5, 228049
List the prime factors of 63395910.
2, 3, 5, 704399
List the prime factors of 426891101.
7, 13, 139, 33749
What are the prime factors of 686731139?
349, 1967711
What are the prime factors of 1008871721?
11, 13, 7055047
List the prime factors of 1879808513.
11, 61, 151, 18553
What are the prime factors of 115964386?
2, 57982193
What are the prime factors of 2339719506?
2, 3, 14442713
List the prime factors of 1550714399.
13, 73, 1634051
List the prime factors of 736111181.
13, 223, 253919
What are the prime factors of 5415895553?
61, 521, 170413
List the prime factors of 7594995145.
5, 509, 2984281
List the prime factors of 278322399.
3, 37, 92867
What are the prime factors of 3656272446?
2, 3, 22569583
List the prime factors of 8554034648.
2, 29, 3331, 11069
List the prime factors of 276771524.
2, 151, 257, 1783
List the prime factors of 1262764.
2, 315691
List the prime factors of 1778764243.
131, 2927, 4639
What are the prime factors of 217612227?
3, 7, 10362487
What are the prime factors of 65820996?
2, 3, 1828361
List the prime factors of 99960959.
7, 14280137
List the prime factors of 852457275.
3, 5, 1283, 2953
List the prime factors of 1678992381.
3, 11, 29, 181, 359
List the prime factors of 1280805003.
3, 263, 617, 877
List the prime factors of 385293349.
7, 67, 79, 10399
What are the prime factors of 6755264862?
2, 3, 37, 30429121
List the prime factors of 480815677.
109, 4411153
What are the prime factors of 2205364668?
2, 3, 13, 14136953
List the prime factors of 2877144034.
2, 151, 9526967
List the prime factors of 523168651.
41, 149, 85639
What are the prime factors of 1406473781?
1406473781
List the prime factors of 4138882536.
2, 3, 491, 351229
List the prime factors of 1030913244.
2, 3, 3181831
List the prime factors of 139500814.
2, 1471, 47417
What are the prime factors of 1197911082?
2, 3, 199651847
What are the prime factors of 38873762?
2, 19436881
List the prime factors of 552848880.
2, 3, 5, 59, 39043
List the prime factors of 2285601825.
3, 5, 13, 71, 137, 241
List the prime factors of 123757154.
2, 61878577
What are the prime factors of 354465097?
7, 59, 858269
List the prime factors of 81593134.
2, 7, 832583
List the prime factors of 365072096.
2, 151, 75553
What are the prime factors of 147080346?
2, 3, 7, 751, 4663
List the prime factors of 1199498941.
17477, 68633
What are the prime factors of 8700307988?
2, 113, 193, 99733
What are the prime factors of 19294420?
2, 5, 964721
List the prime factors of 2853872461.
11, 43, 6033557
List the prime factors of 698511763.
19, 709, 51853
What are the prime factors of 101361363?
3, 43, 367, 2141
What are the prime factors of 3138053297?
139, 22575923
List the prime factors of 918004142.
2, 11, 1093, 38177
List the prime factors of 15095164.
2, 7, 539113
List the prime factors of 130360310.
2, 5, 13036031
List the prime factors of 243220856.
2, 41, 109, 6803
List the prime factors of 102888186.
2, 3, 131, 223, 587
List the prime factors of 1281784738.
2, 13, 101, 157, 3109
What are the prime factors of 43747906?
2, 21873953
List the prime factors of 772390722.
2, 3, 128731787
What are the prime factors of 1715965142?
2, 17, 50469563
What are the prime factors of 126665810?
2, 5, 17, 41, 1069
List the prime factors of 111033620.
2, 5, 313, 17737
What are the prime factors of 20471832?
2, 3, 94777
List the prime factors of 37801230.
2, 3, 5, 883, 1427
List the prime factors of 85601430.
2, 3, 5, 347, 2741
List the prime facto